87.
823, 35969
What are the prime factors of 378068?
2, 47, 2011
List the prime factors of 319973.
319973
List the prime factors of 1535628.
2, 3, 73, 1753
List the prime factors of 451741.
17, 26573
What are the prime factors of 230793?
3, 19, 4049
What are the prime factors of 3533703?
3, 1177901
List the prime factors of 2226.
2, 3, 7, 53
List the prime factors of 1315656.
2, 3, 6091
What are the prime factors of 2731372?
2, 7, 97549
List the prime factors of 1510971.
3, 7, 11, 31, 211
What are the prime factors of 22361576?
2, 977, 2861
List the prime factors of 11400050.
2, 5, 41, 67, 83
List the prime factors of 1003521.
3, 334507
What are the prime factors of 5892865?
5, 11, 307, 349
What are the prime factors of 84922?
2, 42461
List the prime factors of 4245474.
2, 3, 19, 167, 223
What are the prime factors of 7851?
3, 2617
What are the prime factors of 8104510?
2, 5, 23, 167, 211
What are the prime factors of 38121?
3, 97, 131
What are the prime factors of 22236424?
2, 7, 31, 12809
What are the prime factors of 2756148?
2, 3, 31, 239
What are the prime factors of 5688201?
3, 19, 99793
List the prime factors of 1846825.
5, 31, 2383
What are the prime factors of 880069?
880069
List the prime factors of 288748.
2, 37, 1951
List the prime factors of 1024098.
2, 3, 23, 41, 181
List the prime factors of 3133651.
19, 131, 1259
What are the prime factors of 726812?
2, 109, 1667
What are the prime factors of 98555?
5, 23, 857
List the prime factors of 209887.
209887
What are the prime factors of 186575?
5, 17, 439
List the prime factors of 3993218.
2, 1996609
What are the prime factors of 315965?
5, 13, 4861
What are the prime factors of 876119?
29, 30211
List the prime factors of 4193661.
3, 19, 29, 43, 59
List the prime factors of 1358559.
3, 67, 751
What are the prime factors of 229321?
229321
What are the prime factors of 7747122?
2, 3, 61, 347
List the prime factors of 6412667.
79, 81173
List the prime factors of 330414.
2, 3, 7, 7867
List the prime factors of 3680346.
2, 3, 167, 3673
What are the prime factors of 3639358?
2, 1819679
What are the prime factors of 15691?
13, 17, 71
What are the prime factors of 2293255?
5, 458651
List the prime factors of 1829354.
2, 37, 59, 419
List the prime factors of 106849.
59, 1811
What are the prime factors of 9921438?
2, 3, 17, 32423
List the prime factors of 1921574.
2, 337, 2851
List the prime factors of 9103927.
7, 41, 31721
List the prime factors of 24619.
7, 3517
List the prime factors of 859618.
2, 29, 14821
What are the prime factors of 176652?
2, 3, 7, 701
List the prime factors of 366705.
3, 5, 29, 281
What are the prime factors of 2713896?
2, 3, 37693
List the prime factors of 9117838.
2, 127, 35897
List the prime factors of 57144.
2, 3, 2381
What are the prime factors of 6113446?
2, 23, 347, 383
What are the prime factors of 4137638?
2, 41, 50459
What are the prime factors of 172600?
2, 5, 863
What are the prime factors of 286972?
2, 7, 37, 277
What are the prime factors of 2190296?
2, 273787
What are the prime factors of 1164503?
1164503
What are the prime factors of 267013?
137, 1949
What are the prime factors of 209656?
2, 73, 359
List the prime factors of 1455669.
3, 161741
What are the prime factors of 1238447?
7, 176921
List the prime factors of 1415674.
2, 13, 54449
What are the prime factors of 9322437?
3, 853, 3643
What are the prime factors of 53442?
2, 3, 2969
What are the prime factors of 223769?
7, 13, 2459
What are the prime factors of 8310328?
2, 13, 79907
List the prime factors of 202283.
17, 73, 163
List the prime factors of 298265.
5, 11, 17, 29
List the prime factors of 1062853.
11, 23, 4201
What are the prime factors of 10151?
10151
List the prime factors of 867956.
2, 97, 2237
List the prime factors of 543843.
3, 60427
What are the prime factors of 591720?
2, 3, 5, 4931
List the prime factors of 4280012.
2, 11, 37, 239
List the prime factors of 25007895.
3, 5, 11, 19, 2659
What are the prime factors of 19974?
2, 3, 3329
What are the prime factors of 15615166?
2, 7, 29, 38461
List the prime factors of 8132634.
2, 3, 193, 2341
List the prime factors of 12874881.
3, 113, 163, 233
What are the prime factors of 302833?
302833
What are the prime factors of 8129168?
2, 508073
List the prime factors of 3092650.
2, 5, 11, 5623
List the prime factors of 2974691.
2974691
List the prime factors of 547427.
73, 7499
What are the prime factors of 13316212?
2, 7, 13, 36583
List the prime factors of 7372232.
2, 7, 47, 2801
What are the prime factors of 113001?
3, 7, 5381
What are the prime factors of 3545798?
2, 991, 1789
List the prime factors of 4181413.
4181413
List the prime factors of 100762.
2, 83, 607
List the prime factors of 5650781.
5650781
What are the prime factors of 5824531?
199, 29269
What are the prime factors of 189133?
7, 41, 659
List the prime factors of 16754231.
13, 17, 47, 1613
What are the prime factors of 7597492?
2, 7, 19, 14281
What are the prime factors of 240601?
17, 14153
List the prime factors of 867819.
3, 289273
List the prime factors of 16120404.
2, 3, 29, 5147
List the prime factors of 143709.
3, 47903
List the prime factors of 8291160.
2, 3, 5, 853
What are the prime factors of 27161502?
2, 3, 4526917
List the prime factors of 160337.
223, 719
What are the prime factors of 97312?
2, 3041
What are the prime factors of 14499919?
7, 739, 2803
List the prime factors of 2373854.
2, 7, 24223
What are the prime factors of 18848811?
3, 29, 216653
What are the prime factors of 154399?
7, 23, 137
List the prime factors of 558340.
2, 5, 27917
List the prime factors of 187493.
17, 41, 269
What are the prime factors of 73737?
3, 2731
What are the prime factors of 1930695?
3, 5, 13, 9901
What are the prime factors of 56006?
2, 41, 683
What are the prime factors of 106275?
3, 5, 13, 109
List the prime factors of 2698150.
2, 5, 7, 13, 593
What are the prime factors of 872298?
2, 3, 7, 23, 43
List the prime factors of 11466.
2, 3, 7, 13
What are the prime factors of 4492450?
2, 5, 89849
List the prime factors of 12868734.
2, 3, 2144789
List the prime factors of 513104.
2, 32069
What are the prime factors of 2326901?
59, 39439
List the prime factors of 443285.
5, 88657
What are the prime factors of 1227360?
2, 3, 5, 2557
What are the prime factors of 238648?
2, 23, 1297
What are the prime factors of 1199649?
3, 11, 36353
What are the prime factors of 2514747?
3, 838249
List the prime factors of 143617.
143617
What are the prime factors of 121543?
19, 6397
List the prime factors of 2390136.
2, 3, 7, 41, 347
What are the prime factors of 165904?
2, 10369
What are the prime factors of 1133631?
3, 125959
What are the prime factors of 774181?
774181
What are the prime factors of 422952?
2, 3, 17623
List the prime factors of 523215.
3, 5, 7, 11, 151
List the prime factors of 576356.
2, 11, 13099
What are the prime factors of 234761?
23, 59, 173
List the prime factors of 182059.
182059
What are the prime factors of 203545?
5, 40709
List the prime factors of 667204.
2, 19, 8779
What are the prime factors of 7795670?
2, 5, 59, 73, 181
List the prime factors of 191798.
2, 41, 2339
List the prime factors of 461576.
2, 57697
List the prime factors of 175733.
47, 3739
What are the prime factors of 2962469?
23, 151, 853
List the prime factors of 1540300.
2, 5, 73, 211
List the prime factors of 2109665.
5, 19, 53, 419
What are the prime factors of 791806?
2, 19, 67, 311
What are the prime factors of 915385?
5, 29, 59, 107
What are the prime factors of 10871548?
2, 23, 118169
List the prime factors of 354859.
233, 1523
What are the prime factors of 2533658?
2, 83, 15263
List the prime factors of 2701483.
2701483
List the prime factors of 46207.
7, 23, 41
List the prime factors of 1684112.
2, 67, 1571
List the prime factors of 2025775.
5, 81031
List the prime factors of 76547.
41, 1867
List the prime factors of 158007.
3, 31, 1699
What are the prime factors of 3786767?
17, 13103
What are the prime factors of 11514416?
2, 677, 1063
What are the prime factors of 400420?
2, 5, 20021
What are the prime factors of 5463893?
5463893
What are the prime factors of 632262?
2, 3, 167, 631
List the prime factors of 265620.
2, 3, 5, 19, 233
What are the prime factors of 2634608?
2, 164663
Li